2*c + 2*h + 10 = -2*h. Let i(p) = -5*p - 24. Let j be i(c). List the prime factors of (-1 - j)/(0 + (-4)/52).
2, 13
Suppose 2*w = 2*j - 104962, 2*w = -141*j + 139*j + 104994. What are the prime factors of j?
52489
Suppose 111*j - 330 = 126*j. What are the prime factors of (-22016)/(-24) + -3 + j/(-6)?
2, 3, 17
Suppose -5*f = d - 25, -9*d + 19 = -f - 14*d. Suppose 0 = 5*t - f*p + 4*p - 6730, 5*t = -2*p + 6750. List the prime factors of t.
2, 337
Let s be 560*(18/(-45) + 31/(-10)). Let u = 2863 + s. What are the prime factors of u?
3, 7, 43
Suppose 0 = -172*j - 220*j + 47824. List the prime factors of j.
2, 61
Suppose -49779 = -42*y + 26829. List the prime factors of y.
2, 3, 19
What are the prime factors of 19*(53 + (4 - 12))?
3, 5, 19
Suppose 2324251 = 53*p + 96*p. List the prime factors of p.
19, 821
Let w = -23458 - -67059. What are the prime factors of w?
59, 739
Suppose -5*z + 20 = -5, f - z = 0. Suppose 0 = -3*j + f*w + 1978, -3*j + 170 + 1798 = -3*w. What are the prime factors of j?
3, 7, 31
Let o be 416/48*3/2. Suppose -l - 4428 = -3*b, 0 = o*b - 8*b + l - 7380. List the prime factors of b.
2, 3, 41
Let l = -91 - -271. Suppose -16225 = l*i - 191*i. What are the prime factors of i?
5, 59
Let q be -2*6/24*1*2. Let y be 12684/(-126)*((-2)/4 + q). Suppose -3*k = 2*k - 15, 4*k - y = -n. List the prime factors of n.
139
Let b(a) = a - 216. Suppose 0 = -2*y - 2*y + 2*y. Let o be b(y). What are the prime factors of (o/32)/((-1)/24)?
2, 3
Let p be -2*(-4 + (-45)/(-10))*17. Let n(t) = -t**2 - 27*t + 40. List the prime factors of n(p).
2, 3, 5, 7
Let n(g) = 1062*g**2 - 2*g + 1. Let b be (0 - -1)/(-101 + 100). List the prime factors of n(b).
3, 5, 71
Suppose -2*y = 5*y - 42. Let w be (-199)/y + 5/(-120)*-4. Let v = 23 - w. List the prime factors of v.
2, 7
Suppose 0 = -333*m + 331*m + 65900. What are the prime factors of m?
2, 5, 659
List the prime factors of ((-562570)/808)/((-27)/24 - -1).
2, 5, 557
Suppose 3*g + 5*n - 100 = 0, 59*n + 10 = 61*n. What are the prime factors of 10/g + 33045/75?
3, 7
Let l = 6072 + -4194. Suppose 3*q - 1436 = -0*h + 4*h, -4*q - 2*h + l = 0. List the prime factors of q.
2, 59
Suppose 10*z + 12*j - 11*j - 40513 = 0, 3*z - 4*j = 12141. List the prime factors of z.
4051
Suppose -g = -2*r + 57816, 5*g + 86738 = 29*r - 26*r. List the prime factors of r.
2, 97, 149
Suppose 2*v + v - 59 = -4*p, 20 = -5*p. Suppose -10*s - 9945 = -v*s. What are the prime factors of s?
3, 13, 17
Suppose 56 = z + 2*q, -3*z = -0*z + 5*q - 164. Suppose -3*h + 49*x + 191 = z*x, h + x = 57. List the prime factors of h.
2, 31
Let r(a) = -28*a - 36. Let t be r(-15). Let v = t - 203. Suppose -3*m + 179 + v = 0. What are the prime factors of m?
2, 3, 5
Suppose 385*u = -4*w + 384*u + 16717, -4*u - 4192 = -w. List the prime factors of w.
2, 5, 11, 19
List the prime factors of 15720/33 - (-270)/165.
2, 239
Let w = -10 + 17. Let s be (-51 + 47)/(2/(-340)). Suppose -w*i - 85 = -s. What are the prime factors of i?
5, 17
Let r be -24*(12/(-24) + 1). Let o(h) be the third derivative of h**5/60 + h**4/4 + 23*h**3/6 - h**2. What are the prime factors of o(r)?
5, 19
Suppose -4809 = 36*p - 29*p. Let r = p + 1111. List the prime factors of r.
2, 53
Let z = 2796 - 2693. List the prime factors of z.
103
Suppose -11*z + 1274 = -9*z. Suppose 10*f - 43 = z. What are the prime factors of f?
2, 17
Suppose 0 = 5*b + 3*n + 35, -3*b - 40 = -5*n + 3*n. Let m be (-1435)/b - ((-5)/(-2))/5. Let u = -46 + m. List the prime factors of u.
97
Let g be ((-128)/12 + 12)/((-4)/(-9)). What are the prime factors of (7/7 - g/(-1)) + 808?
2, 7, 29
Let v be (-2584)/(-204)*-2*6/(-8). Suppose 3*h - 348 = -3*k, 18 - v = h. What are the prime factors of k?
3, 13
Let s(u) = 4*u**3 - 15*u**2 + 31*u - 32. Let t be s(13). Suppose 20*h = -4*h + t. List the prime factors of h.
2, 3, 23
Let c(u) = 1412 - 1424 + u + 0*u. Let p be c(17). Suppose 4*h + p*b - 133 = 178, -h - 5*b + 59 = 0. List the prime factors of h.
2, 3, 7
Let d(v) = -386*v - 9623. What are the prime factors of d(-57)?
12379
Let m = -7368 - -33567. What are the prime factors of m?
3, 41, 71
Suppose 1934135 = -684*y + 719*y. List the prime factors of y.
73, 757
Let t = -552 + 552. Suppose 3*o + 4365 = 3*c, 0*c + 3*c + 3*o - 4371 = t. What are the prime factors of c?
2, 7, 13
Let n(g) = -3*g - 15. Let c be n(-13). Let f = c + -24. Suppose f = 101*j - 99*j - 28. What are the prime factors of j?
2, 7
Let a = -3 - -11. Let n(b) = 6*b**2 + 17*b - 10. Let r be n(10). Suppose 0 = -a*c - 152 + r. List the prime factors of c.
2, 19
Suppose r - 124 = -2*a, 3*a - 248 = -3*r + r. Let p = r + 301. What are the prime factors of p?
5, 17
Let d(n) = -2*n**2 - 16*n - 10. Let a be d(-7). Suppose -o + 4*b - 9 = 0, b + 6 = -a*o + 4. List the prime factors of (-3 - (179 + -3))*o + 1.
2, 3, 5
What are the prime factors of 525561/8 + 239/(-1912)?
5, 7, 1877
Let b = 121 + -90. Suppose 0 = -4*w - 2*p + 338, 3*w - b = 2*p + 219. List the prime factors of w.
2, 3, 7
Suppose -4*v + 1172 = 2*z, 2*z + 6*v = 5*v + 1157. Suppose 4*r - 2*o - z = 0, -o + 6*o = -4*r + 590. List the prime factors of r.
5, 29
What are the prime factors of 1 + (33432/224)/(2/96)?
5, 1433
Let r(l) = 272*l**2 - 190*l - 1163. What are the prime factors of r(-6)?
9769
Let q = 27 - -1. Suppose -4*x + 4*y - 8 = 0, -4*y + q = 4*x + y. Suppose 0 = -5*c - x*k + 312, -c = c + k - 125. List the prime factors of c.
2, 31
Suppose -625079 - 518105 = -35*l - 21*l. List the prime factors of l.
2, 59, 173
Let f be -392 + 1 - (9 + -3). Let i = f - -512. List the prime factors of i.
5, 23
Suppose 7*i = 166476 - 14051. List the prime factors of i.
5, 13, 67
Let c = -86564 + 133930. What are the prime factors of c?
2, 11, 2153
Suppose 682 = -2*v + 3*p, -3*v + 4*p - 3*p = 1030. Let a = v + 519. What are the prime factors of a?
5, 7
Let r = -30 + 48. Let x(h) = 1 + 13*h + 18*h**2 - 9 + 4 - h**3. List the prime factors of x(r).
2, 5, 23
Let r = 941 + 319. Suppose -r + 5090 = 5*y - 5*i, y = 2*i + 770. List the prime factors of y.
2, 3, 127
Let j(l) = -33 - 3*l + 8 + 5*l**3 + 12 - 4*l**3 + 5*l**2. Let n be j(-5). What are the prime factors of ((2 - 7/n) + -17)*-12?
2, 3, 37
Let t(x) = -634*x**2. Let n be t(1). Let h = 406 + n. Let y = -15 - h. List the prime factors of y.
3, 71
Let s(z) = 3*z**3 - 2*z**2 - 3*z - 1. Let m be s(-1). List the prime factors of 4/(-30)*m - (-35325)/125.
283
Suppose -5*p + 35 = -5*v, 2*p + v - 22 = 5*v. Suppose p*x - 18 = 9. Let u = 31 + x. List the prime factors of u.
2, 5
Let i = -2 - -6. Suppose -970 = -17*c + 560. Suppose 5*w - 435 = 5*n, 3*w - i*w = -2*n - c. List the prime factors of w.
2, 3, 7
Suppose -3*i + 14570 = 4*n, -3*i = 48*n - 53*n + 18253. What are the prime factors of n?
7, 521
Let h = 50889 - 33555. List the prime factors of h.
2, 3, 107
Let r(o) = 4*o**2 - 26*o + 3. Let j be r(8). Suppose 0 = -5*b + j + 989. What are the prime factors of b?
2, 13
Suppose 6*x + 357 = 369. Suppose -1827 + 557 = -x*d. What are the prime factors of d?
5, 127
Suppose -12756 = -12*g - 372. Let d = g + -539. List the prime factors of d.
17, 29
Let c(t) = -189*t**3 + t**2 + 3*t + 2. Let j be c(-1). Let i(o) = o**3 + 23*o**2 + 28*o + 58. Let p be i(-22). Let f = p + j. List the prime factors of f.
5, 23
Let i(t) = -3 - 2 + 25*t + 32*t. Let a(u) = -5*u**3 - 27*u**2 + 18*u + 3. Let z be a(-6). What are the prime factors of i(z)?
2, 83
Suppose 6*d = 10*d - 52. Suppose 5*u = -x - 11, 3*x - 5*u - 40 = -d. Suppose 3*c + 182 - 556 = -5*f, 3*c - x*f - 338 = 0. What are the prime factors of c?
2, 59
Suppose -3*f - 21927 = -4*w, -w + 6579 - 1093 = -5*f. What are the prime factors of w?
3, 7, 29
Let i(f) = -2*f**3 + 28*f**2 - 11*f - 4. Let k = -99 + 111. List the prime factors of i(k).
2, 5, 11
Let x(g) = -9*g**2 - g - 3. Let q(f) = 19*f**2 + 2*f + 6. Let c(o) = -6*q(o) - 13*x(o). Let h be c(2). Suppose 16*s - h*s + 15 = 0. List the prime factors of s.
3, 5
Suppose 5*z + 4*x = 14903, 24*x = z + 29*x - 2968. What are the prime factors of z?
19, 157
Let x = -2570 + 3130. What are the prime factors of x?
2, 5, 7
Let v(w) = w**2 - 4*w + 4. Let c be v(4). Suppose -3*f = -4*p + f - 1132, c*f + 8 = 0. What are the prime factors of 2 + 1 - p/5?
2, 3, 5
Suppose -856623 = 196*z - 214*z + 548997. List the prime fa